s of u?
2, 67, 83
Let s(o) = -7*o + 44. Let f be s(6). What are the prime factors of f - 7 - (-138)/3?
41
Let a = 44 - 41. Suppose -7*r + 192 = -a*r. What are the prime factors of 2/(-3) + 608/r?
2, 3
Suppose 5*t + 47 = n + 12, -2*t = -n + 17. Let p = -13 - t. List the prime factors of p/28 - (-1010)/8.
2, 3, 7
Suppose 62*c = 219567 + 165515. What are the prime factors of c?
6211
Suppose -4*i + 2 = -5*d, 13*d + i - 7 = 11*d. Suppose w = -d*j + 1176, -4*j + w + 1109 = -1243. List the prime factors of j.
2, 3, 7
Let r = -8061 - -24349. List the prime factors of r.
2, 509
Let p(g) = g**2 - 2*g. Let d(t) = 21*t**2 + 2*t - 32. Let k(b) = d(b) - 4*p(b). What are the prime factors of k(4)?
2, 5, 7
Let v be (-2)/6 - (-711)/27. Suppose 27*l - v*l + 6 = 0. What are the prime factors of 65/3 - 8/l?
23
Let o = 3185 + -2148. What are the prime factors of o?
17, 61
Let o be ((-627)/5)/((-15)/75). Let z = o + -165. List the prime factors of z.
2, 3, 7, 11
Let a(y) = 4*y**2 - 44*y - 2. Suppose -o - 126 = -w, 4*w - 498 = o - 3*o. Let c be (3 - w/20)*-4. What are the prime factors of a(c)?
2, 3, 17
List the prime factors of 15/9*(-72)/(-15) + 7280.
2, 911
Suppose 6477*l - 6506*l + 239917 = 0. List the prime factors of l.
8273
Let b = 2104 - 1527. List the prime factors of b.
577
Let q(s) be the first derivative of 2*s**3/3 - 8*s**2 - 38*s + 5. What are the prime factors of q(-13)?
2, 127
What are the prime factors of ((1026/7)/(-3))/(89129/(-8911) + 10)?
2, 3, 19, 67
Let j = -41 - -43. Suppose -j*d + 102 + 12 = 0. Let q = 113 - d. List the prime factors of q.
2, 7
Suppose 857 - 965 = -2*k. Let s = k - 52. What are the prime factors of s?
2
Suppose 5*i + 12 = 2*i + 3*u, 5*i + 11 = -4*u. Let b be 119*(5 + i + -3). Let l = 19 - b. List the prime factors of l.
2, 3, 23
Suppose -948*s - 2*x = -949*s + 2142, -2130 = -s + 5*x. List the prime factors of s.
2, 5, 43
Suppose 0 = u + 5*t - 82537, -326*t - 330244 = -4*u - 322*t. What are the prime factors of u?
3, 9173
Let h(x) be the first derivative of x**4/12 + x**3/3 + 37*x**2/2 + 4*x + 25. Let k(m) be the first derivative of h(m). List the prime factors of k(-17).
2, 73
Let z(g) = -56*g + 189. Let u(r) = 58*r - 188. Let p(h) = 5*u(h) + 6*z(h). List the prime factors of p(-23).
2, 313
Suppose -2*r = 3*z - 15810, -z - 1248*r + 1246*r + 5262 = 0. What are the prime factors of z?
2, 3, 293
Suppose -146*g - 5*k + 49103 = -142*g, 3*g - 3*k - 36807 = 0. What are the prime factors of g?
2, 13, 59
Suppose -4*c - 3*z = -1048, -4*z = -2*z. Let x = 291 - c. What are the prime factors of x?
29
Let o(y) = 26*y - 198. Let m be 922/22 - 2/(-22). List the prime factors of o(m).
2, 3, 149
Let q(n) = n**3 + 62*n**2 - 94*n - 207. What are the prime factors of q(-60)?
3, 4211
Suppose -t = 6*i - 10*i - 2, 0 = 4*t + 3*i - 27. Let n(u) = -u**3 + 10*u**2 - 2*u + 5. What are the prime factors of n(t)?
137
Suppose -2*x = -5*p - 6*x - 2116, -3*p - 1264 = x. Let g be p/25 + (-1)/5*1. List the prime factors of (4 - g)/(2/6).
3, 7
Suppose -5*o + 2040 = -o. Let a be -9 + (8 - -354 - -11). Let u = o - a. List the prime factors of u.
2, 73
Let v(g) be the first derivative of -3*g**4/4 - 2*g**3 - 7*g**2/2 - 2*g - 8. Suppose -3*f + 4*x - 18 = x, 5*f + 2*x = -9. List the prime factors of v(f).
2, 23
Suppose -2*c - 4*s - s = -1240, 2*c = -s + 1256. Suppose -c = -g - 6*g. Suppose 6*k - g = 3*k - 3*d, 3*k - 88 = -5*d. What are the prime factors of k?
31
Let x(d) = d**2 - 9*d - 37. Let s be x(13). What are the prime factors of 20372/33 + 10/s?
2, 3, 103
Suppose 5*d + 70 = -2*l, -l - 2*d - 28 = 5. List the prime factors of 4*5/l + (-15558)/(-10).
5, 311
Let a(d) = d**3 - d**2 - d + 22. Let g be a(0). Suppose 5*w - 13 = g. Let s = 6 + w. List the prime factors of s.
13
Let l be -2 - (-19 - (-2 - 2)). Let a(o) = -6*o + 10*o + l + 2*o**2 + 35 - 3*o**2. What are the prime factors of a(0)?
2, 3
Suppose -4*k + 8 = -0*k. Suppose 2*i + 4*p - k*p + 188 = 0, 5*p - 181 = 2*i. Let n = i - -135. List the prime factors of n.
2, 3, 7
Let o be 3/9 + (-77)/(-21). Suppose 329 = o*w + d, -4*w + 424 = w - 3*d. List the prime factors of w.
83
Let p(o) = -o**3 - 13*o**2 + 2*o + 30. Let m be p(-13). List the prime factors of 2859*-1*(-1 + m)/(-9).
953
Suppose 6*z - 19983 - 260857 = -29*z. What are the prime factors of z?
2, 17, 59
Suppose 35*x + 37646 - 255436 = 6*x. List the prime factors of x.
2, 5, 751
Let z(c) = 27*c**3 + 2*c + 2. Let p(t) = 2 + 13*t**3 + 175*t**2 + t - 1 - 175*t**2. Let j(v) = -5*p(v) + 2*z(v). List the prime factors of j(-2).
89
Let k(l) = 116*l - 4. Let q be k(-4). What are the prime factors of -1*(-3 + q + 4)?
467
Let h be (569 - -63)*(-2)/(-4). Suppose -x - x + 244 = l, -356 = -3*x + l. Suppose h = 4*f - x. List the prime factors of f.
109
Suppose -2844*f + 1342374 = -2801*f. What are the prime factors of f?
2, 3, 11, 43
Let d(i) = -695*i - 3389. List the prime factors of d(-27).
2, 31
Suppose 8*m - 28*m = -1880. Let p = m + -90. Suppose 2*g - 2*y - 322 = 0, 357 = p*g + y - 307. What are the prime factors of g?
3, 5, 11
Let z(g) = -240*g - 1780. List the prime factors of z(-44).
2, 5, 439
Let q = 259 + -977. Let m = q - -1108. List the prime factors of m.
2, 3, 5, 13
Let u(a) = 22*a**2 - 4*a - 5. Suppose -2*c + 4*q = 2, 2*c - 15 = -c - 3*q. Suppose r + c*f = -11, -5*r - f + 6*f = -5. List the prime factors of u(r).
7, 13
What are the prime factors of 2/(-1) - 98805/(-60)*4?
3, 5, 439
Suppose 4*p + 2*r + 8 = 5*p, 3*r = 4*p - 37. Suppose -624 = -p*y + 6. What are the prime factors of y?
3, 7
List the prime factors of (3243/4)/(8/((-1920)/(-36))).
5, 23, 47
Suppose -129322 = -4*j - 2*b, 3*j = -18*b + 23*b + 97011. List the prime factors of j.
2, 59, 137
Suppose -3*a + 784 = -1034. Suppose 5*z + 615 = 3*o, 2*z - a = -3*o + 4*z. Let k = -137 + o. List the prime factors of k.
3, 7
Suppose -28125496 + 9057106 = -363*i. List the prime factors of i.
2, 3, 5, 17, 103
Suppose 4*v = -5*c + 50796, 10*c - 9*c + v = 10160. Suppose 11*n - 4826 = c. List the prime factors of n.
2, 3, 227
Let w(q) = -12*q - 3*q**2 - 10*q**2 - q**3 + 3 + 1 + 17. List the prime factors of w(-12).
3, 7
Suppose -14*n + 106226 = 15688. List the prime factors of n.
29, 223
Let h be (-1735)/15 + ((-64)/(-12))/(-4). Let g = h - -143. What are the prime factors of g?
2, 13
Suppose -6*b + 2249 = -b + 3*h, 0 = 2*b - 5*h - 912. Let v = b + -248. What are the prime factors of v?
7, 29
Suppose 8*j = 30*j - 198. Suppose 5*n - j = 5*b - 1819, 5*b = -4*n + 1828. List the prime factors of b.
2, 7, 13
Let w(r) = 1 + 4 - 23*r + 5 - 3. List the prime factors of w(-5).
2, 61
Suppose 4*v - 19899 + 5493 = s, 10 = -5*s. List the prime factors of v.
13, 277
Let d(t) = -t**2 - 6*t. Let g be d(-9). Let u = -104 - -106. What are the prime factors of (-3 - g/u) + 1/2?
11
Let m(q) = 33*q**2 - 30*q + 138. Suppose 5*i = 2*k + 26, -3*i - 3*k - k + 26 = 0. What are the prime factors of m(i)?
2, 3, 191
Let j = 305 - 303. Suppose 2*g - k = -4*k + 855, 1734 = 4*g - j*k. List the prime factors of g.
2, 3
Let s(g) = -13299*g + 32. List the prime factors of s(-1).
13331
Suppose 3*u - 14 = -2*c, -12*u + 4*c + 38 = -7*u. List the prime factors of (-8)/3*(-675)/u - 3.
3, 11
Suppose 116688 = -236*j + 253*j - 153510. List the prime factors of j.
2, 3, 883
Suppose 0 = 4*x - n - 11057 - 26252, 9352 = x - 3*n. What are the prime factors of x?
5, 373
Suppose -3*x = 501*t - 506*t - 13834, 2*x + 5*t - 9256 = 0. What are the prime factors of x?
2, 2309
Let h(q) be the second derivative of 2*q**4/3 - 29*q**3/3 + 41*q**2/2 + 2*q - 23. List the prime factors of h(17).
1367
Suppose -2*r = -2*m - 6, 5*m + 9*r = 7*r + 6. Suppose m = 39*f - 28*f - 1188. List the prime factors of f.
2, 3
Let l(x) = 11*x**2 + 30*x + 1826. List the prime factors of l(-30).
2, 5413
Suppose -7*v + 10*v - 120 = 0. Suppose -t + 3*j = -14, -4*t - 5*j = -j - v. Suppose 8*u - t*u = -456. What are the prime factors of u?
2, 19
Suppose -25716 = -3*m + 3*f, 0 = -m - 3*f - 500 + 9052. What are the prime factors of m?
13, 659
Suppose 0 = -5*i - 4*p + 26760, 4*i - 21408 = 82*p - 87*p. What are the prime factors of i?
2, 3, 223
Let j = -350 - -366. Suppose 4*u - 2162 = -r, 2*r + 545 = -15*u + j*u. What are the prime factors of u?
541
Let x be (-5103)/(-84)*4*5. Let o be x/30*(2